-22). Let g = m - -17. Calculate the remainder when g is divided by 4.
0
Let y = -33 + 23. Let q(j) = -421*j + 11. Let f be q(y). Calculate the remainder when ((-1)/(-3))/(21/f) is divided by 14.
11
Suppose 97*q + 260 = 101*q. What is the remainder when q is divided by 24?
17
Let f = 68 - 34. Suppose g = -5*c - 5, 5 = -2*c - 0*c - g. Suppose -195 = -3*w + 3*m, c = 2*m - 7*m. Calculate the remainder when w is divided by f.
31
Suppose -4*d - 104 = -2*d. Let j be 1 - -7 - d/(-13). What is the remainder when ((-300)/10)/(j/(-6)) is divided by 16?
13
Let y = 94 + 18. Calculate the remainder when y is divided by 64.
48
Suppose 25*n + 665 - 1790 = 0. Calculate the remainder when 74 is divided by n.
29
Suppose -5*c + 3*t + 85 = 0, 5*c - 2*t - 60 = -4*t. Let h = -92 + 95. Suppose 0 = h*w - 69 - 12. Calculate the remainder when w is divided by c.
13
Let q = 1343 + -1333. Suppose -2*o = -0*o + 3*z - 104, -5*o + 4*z + 237 = 0. What is the remainder when o is divided by q?
9
Let n(r) = -2*r**3 - 29*r**2 - 20*r - 42. Suppose v - 5*z = -15, 4*v + 6*z = 2*z + 36. What is the remainder when n(-14) is divided by v?
2
Suppose -5*h + 210 = 4*c, c = -3*h + 3*c + 126. Suppose 115*x + 414 = 117*x. What is the remainder when x is divided by h?
39
Let w(f) = -f**3 - 8*f**2 - 11*f - 13. Let u(i) = 5*i + 1. Let q be u(2). Let h = q + -5. Calculate the remainder when w(-7) is divided by h.
3
Suppose 2*d - 4*w - 18 = -2*w, -2*d + 4*w + 12 = 0. Calculate the remainder when (-88)/(-3) - 4/(-6) is divided by d.
6
Let l(s) = 7 - 2*s - 5*s + 0*s - s**2. What is the remainder when l(-5) is divided by (-11)/22 + (-95)/(-10)?
8
Let h(n) = 20*n**2 + n + 3. Suppose 5*v + 4*p + 7 = 1, -2*v = -2*p + 6. Calculate the remainder when h(v) is divided by 14.
11
Suppose 2*b + 4 = -4*d, 2*b - 2*d = 5*b + 2. Suppose -i + 295 = 3*g - 3*i, 5*g + 3*i - 498 = b. What is the remainder when g is divided by 25?
24
Suppose 0*n + 3 = 3*n. Let y(m) = 12 - 12 + 2*m**2 + 16*m**3 + 0*m**2 - m. Calculate the remainder when y(n) is divided by 9.
8
Let t(s) = s**3 + 5*s**2 + 3*s - 17. Let a be t(-5). Let b = a - -90. Calculate the remainder when b is divided by 15.
13
Suppose 5*d - 5*v = -70, -3*d + 7*v - 2*v - 48 = 0. Let z = d + 18. What is the remainder when 27 is divided by z?
6
Let q be 1/(-2)*(-11 + -1). Suppose -4 = 3*b - 2*b. Calculate the remainder when 10/(-3)*q/b is divided by 3.
2
Suppose 354 = 2*h - 8*q + 4*q, 3*q - 937 = -5*h. Calculate the remainder when h is divided by 11.
9
Suppose b = 3*a - 99, 3*a + 4*b - 56 - 58 = 0. What is the remainder when 83 is divided by a?
15
Suppose -u = -2*s + 2 - 35, -3*u - 4*s + 89 = 0. What is the remainder when 121 is divided by u?
28
Let d = 10 - 58. Let j = 54 + d. Calculate the remainder when 20 is divided by j.
2
Suppose 2*n - 6*w + 3*w - 6 = 0, 4*n = 5*w + 14. Suppose -4*p + 630 = n*p. Calculate the remainder when p is divided by 8.
7
Let x = -4 - 5. Let t be x/(-4)*(-40)/(-3). Calculate the remainder when (-132)/(-10) - 6/t is divided by 5.
3
Suppose g + 23 = 64. What is the remainder when 2/(-17) + 63302/527 is divided by g?
38
Suppose 2*q + f + 4 + 7 = 0, -5*f = -2*q + 19. Let d be q/(4*(-9)/(-96)). Let s(w) = w + 12. Calculate the remainder when 15 is divided by s(d).
3
Let j = -455 + 532. Calculate the remainder when j is divided by 20.
17
Suppose -6*n + 8*n - 22 = 0. Let y = -194 - -302. What is the remainder when y is divided by n?
9
Suppose -t = -5*t + 100. Suppose 4 = -g + 70. What is the remainder when g is divided by t?
16
Let h = 31 - 15. Suppose -15*l - 21 = -h*l. Suppose -4*n = -0*n - 244. What is the remainder when n is divided by l?
19
Suppose 3*h - 119 = -4*x, 0*h - 58 = -2*x - 2*h. What is the remainder when 94 + (-4)/(-8)*-4 is divided by x?
28
Let q(i) = 3*i**2 + i - 5. Let r(a) = -16*a**2 - 6*a + 25. Let x(o) = 11*q(o) + 2*r(o). Calculate the remainder when 26 is divided by x(5).
11
Let k = 19 - 17. Suppose -100 = 2*p - 5*n, -2*n + 2 + k = 0. Let b = -28 - p. What is the remainder when 82 is divided by b?
14
Suppose 21*c - 90 = 225. What is the remainder when 41 is divided by c?
11
Let l(d) = 41*d - 2. Let w be l(-13). Let r = w - -762. Calculate the remainder when r is divided by 38.
37
Suppose 2*a + r - 916 = 0, -a = -4*r - 364 - 103. What is the remainder when a is divided by 58?
53
Calculate the remainder when 124 is divided by 88/(-55)*(-16 + -4).
28
Let f(b) = 3*b**3 - 2*b**2 - 3*b - 2. Let k be (72/(-15))/((-6)/(-15)*-1). Suppose -k*h + 294 = 78. What is the remainder when f(3) is divided by h?
16
Calculate the remainder when 138 is divided by 3/1 - (-13 - 57)/10.
8
Let t(x) = -x**3 - 7*x**2 - 10. Let v be -2 - (-3 + -3) - 12. Calculate the remainder when t(v) is divided by 11.
10
Suppose -3*k + 6 = 0, 4*d + 0*k + 4*k - 108 = 0. Let f = -16 + 24. Calculate the remainder when d/1 - (-15 - -19) is divided by f.
5
What is the remainder when 102 is divided by (2/(8/(-22)))/(37/(-518))?
25
What is the remainder when 30/50 - (-564)/10 is divided by (((-72)/5)/(-6))/(2/10)?
9
Let b(f) = -f**3 + 3*f**2 + 5*f - 4. Let k be b(4). Suppose k = -5*h + 27 - 2. Let d = -337 - -345. Calculate the remainder when d is divided by h.
3
Suppose 0 = -k - 5*u + 3*u, -4*k = -2*u. Suppose 75 = -k*b + 3*b. Suppose 14*p - 9*p = 70. Calculate the remainder when b is divided by p.
11
Let u = 18 - 18. Suppose -380 = -5*h - u*h. What is the remainder when h is divided by 13?
11
Let k = -395 + 415. Calculate the remainder when 115 is divided by k.
15
Let z(j) = j**3 - 8*j**2 - 11*j + 5. Let w be z(9). Let q = w + 19. Suppose q = 2*b - 5*o, -17 = -b - 3*o - 3. Calculate the remainder when 22 is divided by b.
6
Calculate the remainder when (-1509)/(-12) - (-2 + (-42)/(-24)) is divided by 69.
57
Let l(u) = -u**3 - 21*u**2 - 5*u + 104. What is the remainder when l(-21) is divided by 30?
29
Let i(f) = 2*f - 13. Calculate the remainder when 152 is divided by i(15).
16
Let z(j) = 0*j + 4*j**2 + 2*j**2 - 7 - 5*j**2 - 6*j. Let k be z(7). Suppose -2*f + k*f = -118. What is the remainder when f is divided by 15?
14
Suppose -3*x + 405 = -3*m, 22*x - 4*m + 125 = 23*x. Calculate the remainder when x is divided by 15.
13
Suppose -2*s - 13 = -3*s. Calculate the remainder when 4/18 - 448/(-9) is divided by s.
11
What is the remainder when 809 is divided by ((-2)/(-2))/((30/6)/70)?
11
Suppose -4*v - 21*v + 15250 = 0. Calculate the remainder when v is divided by 18.
16
Suppose -4*h + 108 = 4*f, h = -4*f - 0*h + 93. Let y(s) = -14*s**2 - 8*s + f*s + s**3 + 2*s**2 - 7. What is the remainder when 101 is divided by y(11)?
23
Calculate the remainder when (-1)/(476/483 + -1) is divided by 63.
6
Let o(h) = 3*h + 12. Let w be (1/2)/(8/(-128)). Let l be o(w). What is the remainder when 17 is divided by 1 - l/(3/1)?
2
Let c = 90 - 38. What is the remainder when c is divided by (-297)/11*(30/9 + -4)?
16
Let c = 564 + -544. Calculate the remainder when 132 is divided by c.
12
Let l(o) = -34*o - 3. Calculate the remainder when l(-3) is divided by (-1 - -3) + -3 + 26.
24
Suppose -2*m + 4*r = -16 - 50, -10*m + 5*r = -300. What is the remainder when m is divided by 9?
2
Let l be -1 + (3/(-2))/(3/(-2)). Let r = -2 - -3. What is the remainder when 38 is divided by 26/((1 - l) + r)?
12
Let k(b) = b + 8. Suppose -4*y + 26 = 3*l - l, 11 = -y - 4*l. Let t = 18 + y. Calculate the remainder when t is divided by k(6).
13
Let a(n) = -n + 90. Let s be a(0). Suppose -2*v + 1 = -3. Suppose -v*j + 40 = -s. What is the remainder when j is divided by 17?
14
Let s = 437 + -431. What is the remainder when 179 is divided by s?
5
Let a be -6 + 6*(-4)/(-8). Calculate the remainder when 23 is divided by (a + 22/6)*6.
3
Let d(f) = f**3 + 22*f**2 + 23*f + 74. What is the remainder when d(-21) is divided by 12?
8
Suppose -2*c + 15 + 49 = 0. Suppose -5*k + 24 = 4*s, 3*k - c = -s - 3*s. Calculate the remainder when s is divided by 7.
4
Suppose 5*w - 3*s = 1294, -4*w - 3*s = -6*s - 1034. What is the remainder when w is divided by 24?
20
Let w = 12 - 71. Let q = -38 - w. Let m(i) = -4*i**3 - 3*i**2 - i - 3. What is the remainder when m(-3) is divided by q?
18
Calculate the remainder when 47 is divided by (-1)/(264/(-52) + 5).
8
Let z(w) = -w + 31. Let o be z(14). What is the remainder when o/(1/(-2) - (-6)/4) is di